+ (-1 - 0) + (-36 - -38).
0
What is the value of 1 - -7 - (5 - (3 + -4))?
2
What is -4 + -11 + (6 - -2) - -17?
10
1 - (10 - (-1 - -5))
-5
Calculate 2 - 1 - (33 - 27).
-5
Calculate (-2 - 0) + (-4 - (-3 - -4)).
-7
-1 + 10 + -3 + (-9 - 2)
-5
-5 - (3 + -11 + 1 + 0)
2
Evaluate 0 + (3 - 7) - (-5 - -2).
-1
What is the value of -4 + 2 + 2 + -1 + 0?
-1
-1 + 1 + 4 - 2
2
What is 0 - (-11 - -5 - 1)?
7
What is -4 - (-2 + 8 + -7) - -8?
5
What is the value of -10 + 4 + -3 + 7 + -3?
-5
Calculate (5 + -2 - 7) + 7.
3
Evaluate (5 - -5) + -10 - 7.
-7
What is (-4 - 0 - -6) + (2 - 1)?
3
What is the value of 28 - 26 - (-1 + -3)?
6
Calculate 18 + -18 + (1 + 3 - 2).
2
-5 + 4 - (-3 + 6 + -4)
0
(4 - (3 + 0)) + 0 + 1
2
What is -10 + (11 - -6) - 1?
6
Evaluate -3 - (0 + 2 - (1 + -1)).
-5
What is 1 + 2 + 6 + -8?
1
What is (10 - 10) + (-4 - 2)?
-6
What is the value of 11 - (5 - -3) - 7?
-4
What is the value of -6 - -4 - 8 - -20?
10
What is (-10 + 44 - 26) + 1 + -1?
8
What is the value of -6 - -10 - (3 + -3) - -2?
6
What is 7 + (0 - 3) + -8?
-4
Calculate 8 + 1 - 14 - (-1 - 2).
-2
2 + (-1 - (6 - 4))
-1
Evaluate (-9 - -6) + 2 - -6.
5
Calculate -18 - -18 - (-1 - (0 + -4)).
-3
What is 1 + (-1 - (-3 + 1 + 4))?
-2
Calculate 2 + 3 - (0 + 2 + 8).
-5
Calculate 0 + -1 - -5 - (6 + -2).
0
Evaluate -2 + 0 - (-17 + 19).
-4
What is the value of 3 + -1 + -12 + 15 - -1?
6
What is the value of -2 + 7 + 0 + -2?
3
What is (30 - 44) + (0 - 1 - -7)?
-8
What is -2 + (0 - 1 - (3 - 2))?
-4
What is the value of 4 + (-1 - 2) - -3?
4
What is (-3 + 8 - 3) + (-35 - -29)?
-4
Evaluate -4 + 1 - (29 + -34).
2
-2 + 9 + -7 - -2
2
Calculate -1 + (-8 - -6) - -1.
-2
Evaluate 5 + -8 - ((-7 - 2) + 1).
5
What is 4 + (-3 - -1 - 3)?
-1
Evaluate -1 - (-4 - (3 - 2 - 2)).
2
What is the value of (-2 + 14 - 5 - 0) + -10?
-3
What is 5 + 1 - 5 - (1 + -5)?
5
-7 + 1 - ((-4 - -3) + -2)
-3
What is 1 + 4 - (2 + -2)?
5
-6 + 0 - (-4 + -2)
0
2 - (-11 - (-8 - (3 + -5)))
7
Calculate -3 + (3 - 9) + 16 + -15.
-8
0 - (-4 - -6 - 10)
8
2 + (3 - (1 + 1))
3
Calculate -10 - (-8 - 1) - -9.
8
Calculate 4 - (-7 + 2 + 5) - 4.
0
Calculate 2 - (0 + 3 + 6).
-7
Evaluate 38 + -34 - (8 + 3).
-7
What is the value of (-1 - (-4 + 4 - 0)) + 3?
2
What is the value of -15 - (8 - 12) - -2?
-9
19 + -2 - 9 - -1
9
What is (2 - (-1 + 1)) + (60 - 63)?
-1
Calculate 3 + 1 + -4 + 0 + 4.
4
-7 + (5 - (2 + (-1 - -2)))
-5
2 - 0 - ((-2 - -1) + -2)
5
(2 - 5) + -1 + 1
-3
Calculate (-6 - -4 - 0) + -6 + 4.
-4
(10 - 8) + (0 - -2 - 1)
3
(3 - -1) + (-1 - 2 - -1)
2
(0 - -5) + (8 - 13)
0
-10 - -6 - -3 - (1 - 4)
2
What is the value of 6 + -1 + -6 - -2?
1
(-4 + -2 - -3) + 6 - 1
2
What is the value of -7 + 21 - 13 - (-1 - -3)?
-1
-6 - (5 - 8) - 4 - -5
-2
What is the value of -5 - -1 - (-61 - -51)?
6
-1 + (8 - 1) - 2
4
What is 1 - (1 - 6) - (-9 + 14)?
1
Calculate 8 + -10 - (18 - 20).
0
-11 + -5 + 6 + 12
2
Calculate -10 - (-5 + -4 + 2 + 2).
-5
What is the value of 1 + 10 - (14 - (-8 + 18))?
7
Calculate -35 + 42 + -2 + 0.
5
What is -15 + (0 - -7) + 14?
6
What is the value of (14 - (5 - -19)) + 8?
-2
Calculate -4 - (3 + 3 + -11).
1
-4 + -1 - (-8 + 5)
-2
12 + -5 + 4 + -6
5
Calculate 2 + -1 - (-58 + 58).
1
Calculate 16 + (-5 - 19) - (-1 - 4).
-3
Evaluate -5 + 4 + (2 - 3).
-2
What is the value of 3 + (1 - 1 - 0)?
3
(0 - 2) + -4 + 4 + -3
-5
4 - (7 + -8 + (-2 - -3))
4
7 + (2 - 9) + (0 - 2)
-2
What is the value of -13 - (-1 + -2 + -3) - -6?
-1
Evaluate 1 - (-2 + 0 + -8 + 16).
-5
2 + (0 - (2 - 0)) + 0
0
What is the value of -62 + 71 + 0 + -12?
-3
Calculate 8 + (-2 + (0 - 3) - 2).
1
(1 - 6) + (7 - 8 - -1)
-5
Evaluate 1 + (3 + 0 - 4).
0
What is the value of -7 - (8 + -3 + 0) - -6?
-6
6 - 9 - (-2 - -2)
-3
What is 13 + -8 + 2 + -1 - 3?
3
Calculate (-3 - (4 - 7)) + 5.
5
What is -5 + ((1 - 2) + 4 - -2)?
0
What is 0 + (3 - 2 - 6)?
-5
What is the value of -2 + (-9 - 0 - -4) + 2?
-5
Evaluate 11 + (-3 - 0) + -4.
4
Calculate -3 + 1 + 9 - 12.
-5
What is 1 + (-6 - -2 - (0 - 11))?
8
-1 + 0 + -2 + 6 - -2
5
What is 0 - -1 - (21 - 15)?
-5
Evaluate 0 + 6 + -3 + 1.
4
What is -6 + -3 + -2 + -1 + 6?
-6
Calculate -32 + 18 + (13 - 0).
-1
Calculate 5 - (-4 + (3 - 3) - -4).
5
Evaluate (-3 + 0 - 0) + 6.
3
Calculate 9 + -9 - (-3 - 1).
4
Evaluate 1 - (4 + 2) - (8 - 13).
0
Evaluate (-4 - -8) + 0 - (-9 + 7).
6
Calculate -5 + 1 - (2 + -7 + -1).
2
What is -5 - -4 - (1 - 0) - 1?
-3
Calculate -2 + (-4 - 4) + 5.
-5
What is the value of (-17 - -28) + (-8 - -3)?
6
1 - -1 - (27 + -30)
5
Calculate (-9 - (1 - 20)) + -15.
-5
What is 1 + 0 + 4 + -4 + -3?
-2
Evaluate -1 + 1 + 0 + (-4 - -1).
-3
Calculate 4 + -3 + 2 + 2.
5
What is the value of -6 + 8 + 3 - 6?
-1
Calculate 5 + 6 + -17 + 6.
0
What is -5 + (-2 - -4) + -4 + 6?
-1
Evaluate 11 + (9 - 22) - -8.
6
What is 4 + -2 + (-6 - -9 - -4)?
9
What is 3 - 7 - -1 - 1 - -7?
3
2 + -6 - (0 + 1)
-5
Evaluate 5 - -1 - (10 + -6 - -2).
0
What is the value of (-34 - -36) + -3 + -2?
-3
What is -11 - -5 - (-6 - 1)?
1
-5 - (6 + -1 + -6)
-4
44 + -46 - (0 + 1 + -3)
0
Evaluate 6 + -12 + 3 + 5.
2
Evaluate -3 - -3 - (-6 - -8).
-2
What is (-4 - (-2 + 1)) + 4?
1
What is the value of 11 - (0 - (5 - (0 + 10)))?
6
What is the value of 9 - ((2 - (-4 - 1)) + -4)?
6
What is the value of 6 + -9 + 0 + 0 + 3?
0
What is the value of -2 - -4 - (2 + 5 + -2)?
-3
-2 - (-1 + -1) - 0
0
1 - (4 - (1 + 0))
-2
Evaluate -4 + 4 + (1 - (0 - 1)).
2
Calculate 1 - 2 - (3 + 3 + -3).
-4
What is the value of 6 - (-3 - (-9 + 0 + 6))?
6
Calculate -1 + 29 + -9 + -14.
5
What is the value of -7 + (14 - (25 + -14))?
-4
Calculate (1 - -10) + -7 - (-1 - -1).
4
What is the value of (-8 - -5) + 2 + 3?
2
What is the value of (8 + -19 - -7) + (2 - 1)?
-3
Evaluate -6 - (4 + -6 - -7 - 8).
-3
What is the value of 1 + 2 + -2 + -1 + 7?
7
What is -7 - (-3 - 10) - 6?
0
Calculate 3 + (-2 - 2) - (-5 - -5).
-1
What is the value of 12 + -6 + -4 + -5?
-3
0 - (3 + -6 + 3 + -9)
9
-17 + -2 + 11 + 4
-4
(4 - (-1 - 0)) + -8
-3
Calculate -3 - (-3 + 0 - 1 - -7).
-6
What is the value of (0 - (-15 - -7)) + -1?
7
Calculate (-7 - -1) + -2 + (-3 - -5).
-6
What is the value of 3 + 0 - (-16 - -31 - 12)?
0
What is the value of (16 - 23 - (-1 + -8)) + 2?
4
What is -25 + 25 - (-3 - (1 - -3))?
7
Evaluate -1 - (3 + -5 - -2).
-1
1 - (-3 + -4 - (-2 + -1))
5
Evaluate -6 + 2 + 8 + -1.
3
What is 10 + (2 - 9) - 1?
2
Evaluate (-5 - -3) + 2 - 1.
-1
What is (-4 - (-5 + -1)) + 1?
3
Evaluate 87 + -84 + 1 + -10.
-6
Evaluate -5 - ((9 - 12 - 1) + 6).
-7
What is (4 - -5) + (-4 - -1) - 2?
4
What is the value of 9 + (11 - 8) - 2?
10
What is (-3 - -4) + -2 + (-6 - -6)?
-1
(2 - -7) + (11 - (23 + -9))
6
What is the value of (-2 + -3 - -2) + 7?
4
(-13 - -1) + 61 + -55
-6
What is the value of 3 - 1 - (-19 - -24)?
-3
What is the value of 12 + -12 + (1 - -3)?
4
What is 2 + (-4 - -5) - 2?
1
What is the value of 8 - (0 - ((-1 - 3) + 0))?
4
Evaluate -5 - -7 - (2 + -3).
3
Calculate 11 - (-4 - (-8 - -1)).
8
Evaluate -13 - (-4 + (-15 - -8)).
-2
What is -9 + 9 + (-2 - -1) - -2?
1
What is 1 + -2 - (-100 - -93)?
6
Calculate -4 + (7 + -5 - -3).
1
Calculate -24 - -20 - (2 + -2).
-4
Calculate -5 - (1 + (-17 - -10)).
1
Evaluate (-3 - 0) + (-5 + 1 - -13).
6
What is the value of 5 + -2 + -3 - (4 + 2)?
-6
Evaluate -25 + 7 - -14 - (1 + 0).
-5
Evaluate 3 + -2 + (5 - 11).
-5
-8 + 6 + (-3 - -10)
5
4 + -8 - -1 - -7
4
Evaluate 1 - (1 + 3 + 0).
-3
1 + (-4 - (-3 - -6 - 4))
-2
Calculate -6 - ((2 - -3) + (3 - 9)).
-5
What is 1 + 3 + (5 - 5)?
4
What is (-1 - -2 - 0) + 2?
3
-5 - (-1 + -3 - (7 - 8))
-2
What is the value of (-6 - (1 - 4)) + -1?
-4
Calculate -25 + 28 - (7 - 1).
-3
What is the value of -1 + -9 + (-38 - -45)?
-3
Evaluate (-3 - 10 - (4 - 7)) + 4.
-6
Calculate -2 - (-8 + -3) - 2.
7
What is -2 + (1 - (-2 - -5))?
-4
Evaluate 6 - ((-2 + 2 - 5) + 5).
6
What is -5 + 6 + -3 + 4?
2
What is -14 + 13 - (0 + (-1 - -3))?
-3
17 + (6 - 14) - 0
9
(1 - (-6 - -3)) + -5 + 4
3
Calculate -6 + 3 - (-2 - -2).
-3
What is the value of (-8 - -2 - -2) + 1?
-3
Evaluate -2 - (7 - 10) - 5.
-4
What is the value of 9 - -8 - 12 - (0 + -4)?
9
1 + (3 + -11 - -5) - 3
-5
What is the value of (-4 - (0 - 5)) + -2?
-1
Calculate (28 - 21) + (0 - -8) + -8.
7
What is the value of (15 - 14 - 8) + (4 - -1)?
-2
1 + (-7 - (-4 - -5))
-7
What is -11 + 1 + 5 + 2?
-3
Evaluate (-57 - -51) + (-1 - -12).
5
Calculate 7 - (-4 + -3 + 14).
0
3 - (2 + -1 + 2 + -3)
3
4 + (-2 +